{"id":70,"date":"2026-03-11T15:14:41","date_gmt":"2026-03-11T15:14:41","guid":{"rendered":"https:\/\/kyrorent.fi\/?page_id=70"},"modified":"2026-03-11T15:14:41","modified_gmt":"2026-03-11T15:14:41","slug":"yhteystiedot","status":"publish","type":"page","link":"https:\/\/kyrorent.fi\/index.php\/yhteystiedot\/","title":{"rendered":"Yhteystiedot"},"content":{"rendered":"\n<h1 class=\"wp-block-heading\">Kyr\u00f6 Rent palvelee Etel\u00e4-Pohjanmaan Rakentajia ja remontoijia<\/h1>\n\n\n\n<p><strong>Kyr\u00f6 Rent<\/strong>\u00a0Kun kalusto on kunnossa, voit keskitty\u00e4 olennaiseen \u2013 oli se sitten ty\u00f6maa tai unelmiesi koti.<\/p>\n\n\n\n<div class=\"wp-block-group is-layout-flow wp-block-group-is-layout-flow\"><\/div>\n\n\n\n<p>LASKUTUSTIEDOT<\/p>\n\n\n\n<div class=\"wp-block-columns alignwide are-vertically-aligned-center is-layout-flex wp-container-core-columns-is-layout-28f84493 wp-block-columns-is-layout-flex\">\n<div class=\"wp-block-column is-vertically-aligned-center is-layout-flow wp-block-column-is-layout-flow\">\n<figure class=\"wp-block-table is-style-stripes\"><table><tbody><tr><td class=\"has-text-align-left\" data-align=\"left\"><strong>Yhteystiedot<\/strong><br>Remontti &amp; Rakennus Tauriainen Oy<br>Kyr\u00f6 Rent<br>Joel Tauriainen<br>Alam\u00e4entie 17<br>61550 Orismala<br><a href=\"tel:0400%C2%A0874477\">0400-874477<\/a><br><a href=\"mailto:rrtauriainen@gmail.com\">rrtauriainen@gmail.com<\/a><br><a href=\"http:\/\/www.rrtauriainen.fi\">www.rrtauriainen.fi<\/a><br><\/td><\/tr><\/tbody><\/table><\/figure>\n<\/div>\n\n\n\n<div class=\"wp-block-column is-vertically-aligned-center is-layout-flow wp-block-column-is-layout-flow\">\n<figure class=\"wp-block-table is-style-regular\"><table><tbody><tr><td>Verkkolaskuna<\/td><td>003731861217<\/td><\/tr><tr><td>Verkkolaskujen v\u00e4litt\u00e4j\u00e4<\/td><td>003708599126 (OpenText)<\/td><\/tr><tr><td>S\u00e4hk\u00f6postitse<\/td><td>fennoa.508301@erin.posti.com<\/td><\/tr><tr><td>Postitse<\/td><td>Remontti &amp; Rakennus Tauriainen Oy<br>PL 54522<br>01051 LASKUT<\/td><\/tr><\/tbody><\/table><\/figure>\n<\/div>\n<\/div>\n\n\n\n<p>Kysy lis\u00e4\u00e4 palveluistamme soittamalla&nbsp;<a href=\"tel:0400874477\">0400-874477<\/a>, l\u00e4hett\u00e4m\u00e4ll\u00e4 s\u00e4hk\u00f6postia&nbsp;<a href=\"mailto:rrtauriainen@gmail.com\">rrtauriainen@gmail.com<\/a>&nbsp;tai t\u00e4ytt\u00e4m\u00e4ll\u00e4 alla oleva lomake. Palaamme asiaan ja otamme sinuun yhteytt\u00e4 mahdollisimman pian<\/p>\n\n\n\n<p><\/p>\n","protected":false},"excerpt":{"rendered":"<p>Kyr\u00f6 Rent palvelee Etel\u00e4-Pohjanmaan Rakentajia ja remontoijia Kyr\u00f6 Rent\u00a0Kun kalusto on kunnossa, voit keskitty\u00e4 olennaiseen \u2013 oli se sitten ty\u00f6maa [&hellip;]<\/p>\n","protected":false},"author":1,"featured_media":0,"parent":0,"menu_order":0,"comment_status":"closed","ping_status":"closed","template":"","meta":{"site-sidebar-layout":"default","site-content-layout":"","ast-site-content-layout":"default","site-content-style":"default","site-sidebar-style":"default","ast-global-header-display":"","ast-banner-title-visibility":"","ast-main-header-display":"","ast-hfb-above-header-display":"","ast-hfb-below-header-display":"","ast-hfb-mobile-header-display":"","site-post-title":"","ast-breadcrumbs-content":"","ast-featured-img":"","footer-sml-layout":"","ast-disable-related-posts":"","theme-transparent-header-meta":"","adv-header-id-meta":"","stick-header-meta":"","header-above-stick-meta":"","header-main-stick-meta":"","header-below-stick-meta":"","astra-migrate-meta-layouts":"default","ast-page-background-enabled":"default","ast-page-background-meta":{"desktop":{"background-color":"var(--ast-global-color-5)","background-image":"","background-repeat":"repeat","background-position":"center center","background-size":"auto","background-attachment":"scroll","background-type":"","background-media":"","overlay-type":"","overlay-color":"","overlay-opacity":"","overlay-gradient":""},"tablet":{"background-color":"","background-image":"","background-repeat":"repeat","background-position":"center center","background-size":"auto","background-attachment":"scroll","background-type":"","background-media":"","overlay-type":"","overlay-color":"","overlay-opacity":"","overlay-gradient":""},"mobile":{"background-color":"","background-image":"","background-repeat":"repeat","background-position":"center center","background-size":"auto","background-attachment":"scroll","background-type":"","background-media":"","overlay-type":"","overlay-color":"","overlay-opacity":"","overlay-gradient":""}},"ast-content-background-meta":{"desktop":{"background-color":"var(--ast-global-color-4)","background-image":"","background-repeat":"repeat","background-position":"center center","background-size":"auto","background-attachment":"scroll","background-type":"","background-media":"","overlay-type":"","overlay-color":"","overlay-opacity":"","overlay-gradient":""},"tablet":{"background-color":"var(--ast-global-color-4)","background-image":"","background-repeat":"repeat","background-position":"center center","background-size":"auto","background-attachment":"scroll","background-type":"","background-media":"","overlay-type":"","overlay-color":"","overlay-opacity":"","overlay-gradient":""},"mobile":{"background-color":"var(--ast-global-color-4)","background-image":"","background-repeat":"repeat","background-position":"center center","background-size":"auto","background-attachment":"scroll","background-type":"","background-media":"","overlay-type":"","overlay-color":"","overlay-opacity":"","overlay-gradient":""}},"footnotes":""},"class_list":["post-70","page","type-page","status-publish","hentry"],"_links":{"self":[{"href":"https:\/\/kyrorent.fi\/index.php\/wp-json\/wp\/v2\/pages\/70","targetHints":{"allow":["GET"]}}],"collection":[{"href":"https:\/\/kyrorent.fi\/index.php\/wp-json\/wp\/v2\/pages"}],"about":[{"href":"https:\/\/kyrorent.fi\/index.php\/wp-json\/wp\/v2\/types\/page"}],"author":[{"embeddable":true,"href":"https:\/\/kyrorent.fi\/index.php\/wp-json\/wp\/v2\/users\/1"}],"replies":[{"embeddable":true,"href":"https:\/\/kyrorent.fi\/index.php\/wp-json\/wp\/v2\/comments?post=70"}],"version-history":[{"count":2,"href":"https:\/\/kyrorent.fi\/index.php\/wp-json\/wp\/v2\/pages\/70\/revisions"}],"predecessor-version":[{"id":72,"href":"https:\/\/kyrorent.fi\/index.php\/wp-json\/wp\/v2\/pages\/70\/revisions\/72"}],"wp:attachment":[{"href":"https:\/\/kyrorent.fi\/index.php\/wp-json\/wp\/v2\/media?parent=70"}],"curies":[{"name":"wp","href":"https:\/\/api.w.org\/{rel}","templated":true}]}}